{"id":210,"date":"2023-01-27T23:41:31","date_gmt":"2023-01-27T22:41:31","guid":{"rendered":"https:\/\/www.eric-nagel.de\/?page_id=210"},"modified":"2023-07-15T21:51:28","modified_gmt":"2023-07-15T19:51:28","slug":"impressum","status":"publish","type":"page","link":"https:\/\/www.eric-nagel.de\/index.php\/impressum\/","title":{"rendered":"Impressum"},"content":{"rendered":"\n<figure class=\"wp-block-image size-full is-resized\"><img data-recalc-dims=\"1\" loading=\"lazy\" decoding=\"async\" data-attachment-id=\"214\" data-permalink=\"https:\/\/www.eric-nagel.de\/index.php\/impressum\/impressum-1\/\" data-orig-file=\"https:\/\/i0.wp.com\/www.eric-nagel.de\/wp-content\/uploads\/2023\/01\/Impressum-1.png?fit=679%2C523&amp;ssl=1\" data-orig-size=\"679,523\" data-comments-opened=\"1\" data-image-meta=\"{&quot;aperture&quot;:&quot;0&quot;,&quot;credit&quot;:&quot;&quot;,&quot;camera&quot;:&quot;&quot;,&quot;caption&quot;:&quot;&quot;,&quot;created_timestamp&quot;:&quot;0&quot;,&quot;copyright&quot;:&quot;&quot;,&quot;focal_length&quot;:&quot;0&quot;,&quot;iso&quot;:&quot;0&quot;,&quot;shutter_speed&quot;:&quot;0&quot;,&quot;title&quot;:&quot;&quot;,&quot;orientation&quot;:&quot;0&quot;}\" data-image-title=\"Impressum-1\" data-image-description=\"\" data-image-caption=\"\" data-medium-file=\"https:\/\/i0.wp.com\/www.eric-nagel.de\/wp-content\/uploads\/2023\/01\/Impressum-1.png?fit=679%2C523&amp;ssl=1\" data-large-file=\"https:\/\/i0.wp.com\/www.eric-nagel.de\/wp-content\/uploads\/2023\/01\/Impressum-1.png?fit=600%2C462&amp;ssl=1\" src=\"https:\/\/i0.wp.com\/www.eric-nagel.de\/wp-content\/uploads\/2023\/01\/Impressum-1.png?resize=345%2C261&#038;ssl=1\" alt=\"Kontaktinformationen\" class=\"wp-image-214\" width=\"345\" height=\"261\"\/><\/figure>\n\n\n\n<h2 class=\"wp-block-heading has-large-font-size\">Externe Links<\/h2>\n\n\n\n<p class=\"has-text-align-justify\">Meine Website enth\u00e4lt Links zu Websites Dritter oder zu anderen Websites in meiner Verantwortung. Wenn Sie einem Link zu einer dieser Websites (die au\u00dferhalb meiner Verantwortung liegen) folgen, weise ich Sie darauf hin, dass diese Websites ihre eigenen Datenschutzrichtlinien haben und dass ich f\u00fcr diese Richtlinien keine Verantwortung oder Haftung \u00fcbernehme. Bitte \u00fcberpr\u00fcfen Sie diese Datenschutzrichtlinien, bevor Sie freiwillig personenbezogene Daten an diese Websites weitergeben.<\/p>\n\n\n\n<h3 class=\"wp-block-heading\" id=\"h-eu-streitschlichtung\">EU-Streitschlichtung<\/h3>\n\n\n\n<p class=\"has-text-align-justify\">Die Europ\u00e4ische Kommission stellt eine Plattform zur Online-Streitbeilegung (OS) bereit:&nbsp;<a href=\"https:\/\/ec.europa.eu\/consumers\/odr\/\" target=\"_blank\" rel=\"noreferrer noopener\">https:\/\/ec.europa.eu\/consumers\/odr\/<\/a>. Unsere E-Mail-Adresse findest du oben im Impressum.<\/p>\n\n\n\n<h3 class=\"wp-block-heading\" id=\"h-verbraucherstreitbeilegung-universalschlichtungsstelle\">Verbraucherstreitbeilegung\/Universalschlichtungsstelle<\/h3>\n\n\n\n<p class=\"has-text-align-justify\">Ich bin nicht bereit oder verpflichtet, an Streitbeilegungsverfahren vor einer Verbraucherschlichtungsstelle teilzunehmen.<\/p>\n\n\n\n<h3 class=\"wp-block-heading\">Datenschutzerkl\u00e4ung<\/h3>\n\n\n\n<p class=\"has-text-align-justify\">Durch die Nutzung dieser Website erkl\u00e4ren Sie sich mit der Erhebung, Verarbeitung und Nutzung von Daten gem\u00e4\u00df der nachfolgenden Beschreibung einverstanden. Die Website ist \u00f6ffentlich und kann ohne Registrierung aufgerufen werden. Dabei werden Daten wie beispielsweise angeklickte Seiten und Textpassagen bzw. Namen der aufgerufenen Datei, Datum und Uhrzeit zu statistischen Zwecken auf dem Server gespeichert. Diese Daten werden nicht unmittelbar auf die Person bezogen. Personenbezogene Daten, insbesondere Name, Adresse oder E-Mail-Adresse werden nur erhoben, wenn der Interessent diese freiwillig angibt oder der Bezug des Newsletters aktiviert wurde. Die Weitergabe der Daten an Dritte erfolgt nicht.<\/p>\n\n\n\n<p class=\"has-text-align-justify\">Ich erhebe, speichere, verarbeite und nutze die personenbezogenen Daten der registrierten und sonstigen Nutzer unter Einhaltung der gesetzlichen Bestimmungen Deutschlands, die sich insbesondere aus dem Bundesdatenschutzgesetz (BDSG), dem Telemediengesetz (TMG) und dem Telekommunikationsgesetz (TKG) ergeben, sowie unter Einhaltung der Bestimmungen der Europ\u00e4ischen Union zum Datenschutz, der DSGVO.<\/p>\n\n\n\n<h3 class=\"wp-block-heading\">Google Analytics<\/h3>\n\n\n\n<p class=\"has-text-align-justify\">Diese Website benutzt Google Analytics, einen Webanalysedienst der Google Inc. (\u201eGoogle\u201c). Google Analytics verwendet sog. \u201eCookies\u201c \u2013 Textdateien, die auf dem Computer des Nutzers gespeichert werden und eine Analyse der Benutzung der Website durch ihn erm\u00f6glichen. Die durch den Cookie erzeugten Informationen \u00fcber die Benutzung dieser Website (einschlie\u00dflich der IP-Adresse des Nutzers) wird an einen Server von Google in den USA \u00fcbertragen und dort gespeichert. Google wird diese Informationen benutzen, um die Nutzung der Website durch den Nutzer auszuwerten, um Reports \u00fcber die Websiteaktivit\u00e4ten f\u00fcr die Websitebetreiber zusammenzustellen und um weitere mit der Website- und der Internetnutzung verbundene Dienstleistungen zu erbringen. Auch wird Google diese Informationen gegebenenfalls an Dritte \u00fcbertragen, sofern dies gesetzlich vorgeschrieben ist oder soweit Dritte diese Daten im Auftrag von Google verarbeiten. Google wird in keinem Fall die IP-Adresse des Nutzers mit anderen Daten von Google in Verbindung bringen. Der Nutzer kann die Installation der Cookies durch eine entsprechende Einstellung der Browser-Software verhindern; wir weisen jedoch darauf hin, dass in diesem Fall gegebenenfalls nicht s\u00e4mtliche Funktionen dieser Website vollumf\u00e4nglich genutzt werden k\u00f6nnen. Durch die Nutzung dieser Website erkl\u00e4rt sich der Nutzer mit der&nbsp;Bearbeitung&nbsp;der \u00fcber ihn erhobenen Daten durch Google in der zuvor beschriebenen Art und Weise und zu dem zuvor benannten Zweck einverstanden.<\/p>\n","protected":false},"excerpt":{"rendered":"<p>Externe Links Meine Website enth\u00e4lt Links zu Websites Dritter oder zu anderen Websites in meiner Verantwortung. Wenn Sie einem Link zu einer dieser Websites (die au\u00dferhalb meiner Verantwortung liegen) folgen, weise ich Sie darauf hin, dass diese Websites ihre eigenen Datenschutzrichtlinien haben und dass ich f\u00fcr diese Richtlinien keine Verantwortung oder Haftung \u00fcbernehme. Bitte \u00fcberpr\u00fcfen [&hellip;]<\/p>\n","protected":false},"author":1,"featured_media":0,"parent":0,"menu_order":0,"comment_status":"closed","ping_status":"closed","template":"","meta":{"jetpack_post_was_ever_published":false,"footnotes":""},"tags":[],"class_list":["post-210","page","type-page","status-publish","hentry"],"yoast_head":"<!-- This site is optimized with the Yoast SEO Premium plugin v27.2 (Yoast SEO v27.2) - https:\/\/yoast.com\/product\/yoast-seo-premium-wordpress\/ -->\n<title>Impressum - Digital Art<\/title>\n<meta name=\"description\" content=\"Impressum der Website Digital Art\" \/>\n<meta name=\"robots\" content=\"index, follow, max-snippet:-1, max-image-preview:large, max-video-preview:-1\" \/>\n<link rel=\"canonical\" href=\"https:\/\/www.eric-nagel.de\/index.php\/impressum\/\" \/>\n<meta property=\"og:locale\" content=\"de_DE\" \/>\n<meta property=\"og:type\" content=\"article\" \/>\n<meta property=\"og:title\" content=\"Impressum\" \/>\n<meta property=\"og:description\" content=\"Impressum der Website Digital Art\" \/>\n<meta property=\"og:url\" content=\"https:\/\/www.eric-nagel.de\/index.php\/impressum\/\" \/>\n<meta property=\"og:site_name\" content=\"Digital Art\" \/>\n<meta property=\"article:modified_time\" content=\"2023-07-15T19:51:28+00:00\" \/>\n<meta property=\"og:image\" content=\"https:\/\/www.eric-nagel.de\/wp-content\/uploads\/2023\/01\/Impressum-1.png\" \/>\n<meta name=\"twitter:card\" content=\"summary_large_image\" \/>\n<meta name=\"twitter:label1\" content=\"Gesch\u00e4tzte Lesezeit\" \/>\n\t<meta name=\"twitter:data1\" content=\"3\u00a0Minuten\" \/>\n<script type=\"application\/ld+json\" class=\"yoast-schema-graph\">{\"@context\":\"https:\/\/schema.org\",\"@graph\":[{\"@type\":\"WebPage\",\"@id\":\"https:\/\/www.eric-nagel.de\/index.php\/impressum\/\",\"url\":\"https:\/\/www.eric-nagel.de\/index.php\/impressum\/\",\"name\":\"Impressum - Digital Art\",\"isPartOf\":{\"@id\":\"https:\/\/www.eric-nagel.de\/#website\"},\"primaryImageOfPage\":{\"@id\":\"https:\/\/www.eric-nagel.de\/index.php\/impressum\/#primaryimage\"},\"image\":{\"@id\":\"https:\/\/www.eric-nagel.de\/index.php\/impressum\/#primaryimage\"},\"thumbnailUrl\":\"https:\/\/www.eric-nagel.de\/wp-content\/uploads\/2023\/01\/Impressum-1.png\",\"datePublished\":\"2023-01-27T22:41:31+00:00\",\"dateModified\":\"2023-07-15T19:51:28+00:00\",\"description\":\"Impressum der Website Digital Art\",\"breadcrumb\":{\"@id\":\"https:\/\/www.eric-nagel.de\/index.php\/impressum\/#breadcrumb\"},\"inLanguage\":\"de\",\"potentialAction\":[{\"@type\":\"ReadAction\",\"target\":[\"https:\/\/www.eric-nagel.de\/index.php\/impressum\/\"]}]},{\"@type\":\"ImageObject\",\"inLanguage\":\"de\",\"@id\":\"https:\/\/www.eric-nagel.de\/index.php\/impressum\/#primaryimage\",\"url\":\"https:\/\/i0.wp.com\/www.eric-nagel.de\/wp-content\/uploads\/2023\/01\/Impressum-1.png?fit=679%2C523&ssl=1\",\"contentUrl\":\"https:\/\/i0.wp.com\/www.eric-nagel.de\/wp-content\/uploads\/2023\/01\/Impressum-1.png?fit=679%2C523&ssl=1\",\"width\":679,\"height\":523},{\"@type\":\"BreadcrumbList\",\"@id\":\"https:\/\/www.eric-nagel.de\/index.php\/impressum\/#breadcrumb\",\"itemListElement\":[{\"@type\":\"ListItem\",\"position\":1,\"name\":\"Startseite\",\"item\":\"https:\/\/www.eric-nagel.de\/\"},{\"@type\":\"ListItem\",\"position\":2,\"name\":\"Impressum\"}]},{\"@type\":\"WebSite\",\"@id\":\"https:\/\/www.eric-nagel.de\/#website\",\"url\":\"https:\/\/www.eric-nagel.de\/\",\"name\":\"Digital Art\",\"description\":\"by Eric Nagel\",\"potentialAction\":[{\"@type\":\"SearchAction\",\"target\":{\"@type\":\"EntryPoint\",\"urlTemplate\":\"https:\/\/www.eric-nagel.de\/?s={search_term_string}\"},\"query-input\":{\"@type\":\"PropertyValueSpecification\",\"valueRequired\":true,\"valueName\":\"search_term_string\"}}],\"inLanguage\":\"de\"}]}<\/script>\n<!-- \/ Yoast SEO Premium plugin. -->","yoast_head_json":{"title":"Impressum - Digital Art","description":"Impressum der Website Digital Art","robots":{"index":"index","follow":"follow","max-snippet":"max-snippet:-1","max-image-preview":"max-image-preview:large","max-video-preview":"max-video-preview:-1"},"canonical":"https:\/\/www.eric-nagel.de\/index.php\/impressum\/","og_locale":"de_DE","og_type":"article","og_title":"Impressum","og_description":"Impressum der Website Digital Art","og_url":"https:\/\/www.eric-nagel.de\/index.php\/impressum\/","og_site_name":"Digital Art","article_modified_time":"2023-07-15T19:51:28+00:00","og_image":[{"url":"https:\/\/www.eric-nagel.de\/wp-content\/uploads\/2023\/01\/Impressum-1.png","type":"","width":"","height":""}],"twitter_card":"summary_large_image","twitter_misc":{"Gesch\u00e4tzte Lesezeit":"3\u00a0Minuten"},"schema":{"@context":"https:\/\/schema.org","@graph":[{"@type":"WebPage","@id":"https:\/\/www.eric-nagel.de\/index.php\/impressum\/","url":"https:\/\/www.eric-nagel.de\/index.php\/impressum\/","name":"Impressum - Digital Art","isPartOf":{"@id":"https:\/\/www.eric-nagel.de\/#website"},"primaryImageOfPage":{"@id":"https:\/\/www.eric-nagel.de\/index.php\/impressum\/#primaryimage"},"image":{"@id":"https:\/\/www.eric-nagel.de\/index.php\/impressum\/#primaryimage"},"thumbnailUrl":"https:\/\/www.eric-nagel.de\/wp-content\/uploads\/2023\/01\/Impressum-1.png","datePublished":"2023-01-27T22:41:31+00:00","dateModified":"2023-07-15T19:51:28+00:00","description":"Impressum der Website Digital Art","breadcrumb":{"@id":"https:\/\/www.eric-nagel.de\/index.php\/impressum\/#breadcrumb"},"inLanguage":"de","potentialAction":[{"@type":"ReadAction","target":["https:\/\/www.eric-nagel.de\/index.php\/impressum\/"]}]},{"@type":"ImageObject","inLanguage":"de","@id":"https:\/\/www.eric-nagel.de\/index.php\/impressum\/#primaryimage","url":"https:\/\/i0.wp.com\/www.eric-nagel.de\/wp-content\/uploads\/2023\/01\/Impressum-1.png?fit=679%2C523&ssl=1","contentUrl":"https:\/\/i0.wp.com\/www.eric-nagel.de\/wp-content\/uploads\/2023\/01\/Impressum-1.png?fit=679%2C523&ssl=1","width":679,"height":523},{"@type":"BreadcrumbList","@id":"https:\/\/www.eric-nagel.de\/index.php\/impressum\/#breadcrumb","itemListElement":[{"@type":"ListItem","position":1,"name":"Startseite","item":"https:\/\/www.eric-nagel.de\/"},{"@type":"ListItem","position":2,"name":"Impressum"}]},{"@type":"WebSite","@id":"https:\/\/www.eric-nagel.de\/#website","url":"https:\/\/www.eric-nagel.de\/","name":"Digital Art","description":"by Eric Nagel","potentialAction":[{"@type":"SearchAction","target":{"@type":"EntryPoint","urlTemplate":"https:\/\/www.eric-nagel.de\/?s={search_term_string}"},"query-input":{"@type":"PropertyValueSpecification","valueRequired":true,"valueName":"search_term_string"}}],"inLanguage":"de"}]}},"jetpack-related-posts":[{"id":928,"url":"https:\/\/www.eric-nagel.de\/index.php\/leinwandbilder-aus-afrika\/","url_meta":{"origin":210,"position":0},"title":"Afrika, Afrika","author":"Eric","date":"14. Oktober 2023","format":false,"excerpt":"Mit meiner Serie von Leinwandbildern mit dem Titel \"Afrika, Afrika\" bringe ich den Zauber dieses einzigartigen Kontinents in Ihr Zuhause. Diese Wandbilder, schm\u00fccken nicht nur Ihre W\u00e4nde, sondern nehmen Sie auch mit auf eine visuelle Reise durch das Okavango Delta. Ich habe meine Serie \"Afrika, Afrika\" bewusst in schwarz-wei\u00df gehalten.\u2026","rel":"","context":"In \"Afrika\"","block_context":{"text":"Afrika","link":"https:\/\/www.eric-nagel.de\/index.php\/tag\/afrika\/"},"img":{"alt_text":"Leopard Leinwandbild","src":"https:\/\/i0.wp.com\/www.eric-nagel.de\/wp-content\/uploads\/2023\/10\/Leopard-01-Galeriebild-1024x512-1.webp?fit=1024%2C512&ssl=1&resize=350%2C200","width":350,"height":200,"srcset":"https:\/\/i0.wp.com\/www.eric-nagel.de\/wp-content\/uploads\/2023\/10\/Leopard-01-Galeriebild-1024x512-1.webp?fit=1024%2C512&ssl=1&resize=350%2C200 1x, https:\/\/i0.wp.com\/www.eric-nagel.de\/wp-content\/uploads\/2023\/10\/Leopard-01-Galeriebild-1024x512-1.webp?fit=1024%2C512&ssl=1&resize=525%2C300 1.5x, https:\/\/i0.wp.com\/www.eric-nagel.de\/wp-content\/uploads\/2023\/10\/Leopard-01-Galeriebild-1024x512-1.webp?fit=1024%2C512&ssl=1&resize=700%2C400 2x"},"classes":[]},{"id":131,"url":"https:\/\/www.eric-nagel.de\/index.php\/moderne-bilder\/","url_meta":{"origin":210,"position":1},"title":"Digital Art","author":"Eric","date":"13. Dezember 2022","format":false,"excerpt":"Hier finden Sie moderne abstrakte Bilder, welche Sie online in meinem Shop bei RedBubble online auch mit Bilderrahmen kaufen k\u00f6nnen. Wenn Sie auf der Suche nach Bildern mit Bilderrahmen f\u00fcr ihr Wohnzimmer, Esszimmer, Schlafzimmer oder irgendeinen anderen Raum sind, sind Sie hier genau richtig. Im Gegenteil zu konventionellen Kunstrichtungen, ist\u2026","rel":"","context":"In \"Abstrakte Bilder auf Leinwand\"","block_context":{"text":"Abstrakte Bilder auf Leinwand","link":"https:\/\/www.eric-nagel.de\/index.php\/tag\/abstrakte-bilder-leinwand\/"},"img":{"alt_text":"Abstraktes Bild Rainbow Wave. Eine Abstraktion eines Regenbogens, der in Wellen verl\u00e4uft in den Farben des Regenbogens. Dargestellt als Galeriedruck in einer Kunstgalerie","src":"https:\/\/i0.wp.com\/www.eric-nagel.de\/wp-content\/uploads\/2023\/02\/AdobeStock_61950969_Rainbow_Waves-1920x960-1-1024x512-1.webp?fit=1024%2C512&ssl=1&resize=350%2C200","width":350,"height":200,"srcset":"https:\/\/i0.wp.com\/www.eric-nagel.de\/wp-content\/uploads\/2023\/02\/AdobeStock_61950969_Rainbow_Waves-1920x960-1-1024x512-1.webp?fit=1024%2C512&ssl=1&resize=350%2C200 1x, https:\/\/i0.wp.com\/www.eric-nagel.de\/wp-content\/uploads\/2023\/02\/AdobeStock_61950969_Rainbow_Waves-1920x960-1-1024x512-1.webp?fit=1024%2C512&ssl=1&resize=525%2C300 1.5x, https:\/\/i0.wp.com\/www.eric-nagel.de\/wp-content\/uploads\/2023\/02\/AdobeStock_61950969_Rainbow_Waves-1920x960-1-1024x512-1.webp?fit=1024%2C512&ssl=1&resize=700%2C400 2x"},"classes":[]},{"id":532,"url":"https:\/\/www.eric-nagel.de\/index.php\/moderne-surreale-bilder\/","url_meta":{"origin":210,"position":2},"title":"Piece of \u2026","author":"Eric","date":"18. M\u00e4rz 2023","format":false,"excerpt":"Auf dieser Seite m\u00f6chte ich Euch gerne meine modernen surrealen Bilder aus der Bildreihe \"Piece of ...\" vorstellen. Diese dekorative Bilderreihe setzt sich in surrealer oftmals auch kritischer Form mit aktuellen Themen Mensch, Natur und dem Klimawandel auseinander. Daher sind einige der Bilder in der Serie \"Piece of ...\" durchaus\u2026","rel":"","context":"In \"Bilder\"","block_context":{"text":"Bilder","link":"https:\/\/www.eric-nagel.de\/index.php\/tag\/bilder\/"},"img":{"alt_text":"Das surreale Bild \"Piece of Nature\" soll das Zusammenspiel von Mensch und Natur darstellen. Es zeigt eine Hand aus Stein in deren Handfl\u00e4che sich ein kleiner Garten mit Baum und Wasserquelle befindet. Das Wasser aus der Quelle flie\u00dft in Form eines Wasserfalls aus der Handfl\u00e4che. Dargestellt als Galeriedruck in einer Kunstgalerie","src":"https:\/\/i0.wp.com\/www.eric-nagel.de\/wp-content\/uploads\/2023\/03\/AdobeStock_61950969_Piece_of_Nature_748x300.webp?fit=748%2C300&ssl=1&resize=350%2C200","width":350,"height":200,"srcset":"https:\/\/i0.wp.com\/www.eric-nagel.de\/wp-content\/uploads\/2023\/03\/AdobeStock_61950969_Piece_of_Nature_748x300.webp?fit=748%2C300&ssl=1&resize=350%2C200 1x, https:\/\/i0.wp.com\/www.eric-nagel.de\/wp-content\/uploads\/2023\/03\/AdobeStock_61950969_Piece_of_Nature_748x300.webp?fit=748%2C300&ssl=1&resize=525%2C300 1.5x, https:\/\/i0.wp.com\/www.eric-nagel.de\/wp-content\/uploads\/2023\/03\/AdobeStock_61950969_Piece_of_Nature_748x300.webp?fit=748%2C300&ssl=1&resize=700%2C400 2x"},"classes":[]},{"id":96,"url":"https:\/\/www.eric-nagel.de\/index.php\/naturbilder-mit-rahmen\/","url_meta":{"origin":210,"position":3},"title":"Naturfotografie","author":"Eric","date":"12. Dezember 2022","format":false,"excerpt":"Meine Dekorativen Naturbilder mit Rahmen k\u00f6nnen Sie als Wandbilder online in meinem Online Shop bei RedBubble kaufen. Dort finden Sie Inspirationen und Ideen f\u00fcr Wandbilder sowohl f\u00fcr Ihr Wohnzimmer, Esszimmer als auch f\u00fcr das Schlafzimmer. Naturfotografie ist eine Kunstform, die sich mit der Aufnahme von Bildern von der Natur besch\u00e4ftigt,\u2026","rel":"","context":"In \"Abstrakte Bilder auf Leinwand\"","block_context":{"text":"Abstrakte Bilder auf Leinwand","link":"https:\/\/www.eric-nagel.de\/index.php\/tag\/abstrakte-bilder-leinwand\/"},"img":{"alt_text":"Naturbild von einem Adler gerahmt als Galeriedruck in einer Kunstgalerie","src":"https:\/\/i0.wp.com\/www.eric-nagel.de\/wp-content\/uploads\/2023\/05\/AdobeStock_61950969_Eagle_748x347.webp?fit=748%2C374&ssl=1&resize=350%2C200","width":350,"height":200,"srcset":"https:\/\/i0.wp.com\/www.eric-nagel.de\/wp-content\/uploads\/2023\/05\/AdobeStock_61950969_Eagle_748x347.webp?fit=748%2C374&ssl=1&resize=350%2C200 1x, https:\/\/i0.wp.com\/www.eric-nagel.de\/wp-content\/uploads\/2023\/05\/AdobeStock_61950969_Eagle_748x347.webp?fit=748%2C374&ssl=1&resize=525%2C300 1.5x, https:\/\/i0.wp.com\/www.eric-nagel.de\/wp-content\/uploads\/2023\/05\/AdobeStock_61950969_Eagle_748x347.webp?fit=748%2C374&ssl=1&resize=700%2C400 2x"},"classes":[]},{"id":132,"url":"https:\/\/www.eric-nagel.de\/index.php\/surreale-naturbilder\/","url_meta":{"origin":210,"position":4},"title":"Digital Nature","author":"Eric","date":"13. Dezember 2022","format":false,"excerpt":"Digital Nature ist eine Unterform der digitalen Kunst. Meist konzentrieren sich diese modernen surrealen Naturbilder auf die Darstellung von nat\u00fcrlichen Landschaften, Pflanzen und Tieren. Daher werden zum Beispiel oft digitale Technologien verwendet, um realistische oder v\u00f6llig abstrakte Interpretationen von Naturph\u00e4nomenen zu erstellen. Dazu geh\u00f6ren beispielsweise 3D-Modellierung, Texturierung, Licht- und Schatteneffekte\u2026","rel":"","context":"In \"Abstrakte surreale bilder\"","block_context":{"text":"Abstrakte surreale bilder","link":"https:\/\/www.eric-nagel.de\/index.php\/tag\/abstrakte-surreale-bilder\/"},"img":{"alt_text":"Bild Mystery Sea als Galeriedruck in einer Kunstgalerie","src":"https:\/\/i0.wp.com\/www.eric-nagel.de\/wp-content\/uploads\/2023\/02\/AdobeStock_61950969_Mystery_Sea-1920x960-1-1024x512-1.webp?fit=1024%2C512&ssl=1&resize=350%2C200","width":350,"height":200,"srcset":"https:\/\/i0.wp.com\/www.eric-nagel.de\/wp-content\/uploads\/2023\/02\/AdobeStock_61950969_Mystery_Sea-1920x960-1-1024x512-1.webp?fit=1024%2C512&ssl=1&resize=350%2C200 1x, https:\/\/i0.wp.com\/www.eric-nagel.de\/wp-content\/uploads\/2023\/02\/AdobeStock_61950969_Mystery_Sea-1920x960-1-1024x512-1.webp?fit=1024%2C512&ssl=1&resize=525%2C300 1.5x, https:\/\/i0.wp.com\/www.eric-nagel.de\/wp-content\/uploads\/2023\/02\/AdobeStock_61950969_Mystery_Sea-1920x960-1-1024x512-1.webp?fit=1024%2C512&ssl=1&resize=700%2C400 2x"},"classes":[]},{"id":1077,"url":"https:\/\/www.eric-nagel.de\/index.php\/bilderserie-futuristic-cities\/","url_meta":{"origin":210,"position":5},"title":"Moderne Bilderserie Futuristic Cities","author":"Eric","date":"12. Juni 2025","format":false,"excerpt":"In meiner modernen Postern geht es um die Zukunft unserer St\u00e4dte. Ich habe mir die Frage gestellt, wie sich unsere St\u00e4dte entwickeln werden und vielleicht in der fernen Zukunft aussehen werden. Hierbei spielen umweltfreundliches Leben und moderne Architektur eine Rolle, jedoch soll auch der urspr\u00fcngliche historische Charme der St\u00e4dte erhalten\u2026","rel":"","context":"In \"ausgefallene wandbilder wohnzimmer\"","block_context":{"text":"ausgefallene wandbilder wohnzimmer","link":"https:\/\/www.eric-nagel.de\/index.php\/tag\/ausgefallene-wandbilder-wohnzimmer\/"},"img":{"alt_text":"Bilderserie - Futuristic Cities","src":"https:\/\/i0.wp.com\/www.eric-nagel.de\/wp-content\/uploads\/2025\/06\/Art-Heroes-1453543-Hamburg-Futuristic-Cities-Eric-Nagel-1200x1200-Canvas-print-square-facebookNewsFeed.jpg?fit=1200%2C1200&ssl=1&resize=350%2C200","width":350,"height":200,"srcset":"https:\/\/i0.wp.com\/www.eric-nagel.de\/wp-content\/uploads\/2025\/06\/Art-Heroes-1453543-Hamburg-Futuristic-Cities-Eric-Nagel-1200x1200-Canvas-print-square-facebookNewsFeed.jpg?fit=1200%2C1200&ssl=1&resize=350%2C200 1x, https:\/\/i0.wp.com\/www.eric-nagel.de\/wp-content\/uploads\/2025\/06\/Art-Heroes-1453543-Hamburg-Futuristic-Cities-Eric-Nagel-1200x1200-Canvas-print-square-facebookNewsFeed.jpg?fit=1200%2C1200&ssl=1&resize=525%2C300 1.5x, https:\/\/i0.wp.com\/www.eric-nagel.de\/wp-content\/uploads\/2025\/06\/Art-Heroes-1453543-Hamburg-Futuristic-Cities-Eric-Nagel-1200x1200-Canvas-print-square-facebookNewsFeed.jpg?fit=1200%2C1200&ssl=1&resize=700%2C400 2x, https:\/\/i0.wp.com\/www.eric-nagel.de\/wp-content\/uploads\/2025\/06\/Art-Heroes-1453543-Hamburg-Futuristic-Cities-Eric-Nagel-1200x1200-Canvas-print-square-facebookNewsFeed.jpg?fit=1200%2C1200&ssl=1&resize=1050%2C600 3x"},"classes":[]}],"jetpack_sharing_enabled":true,"jetpack_likes_enabled":true,"_links":{"self":[{"href":"https:\/\/www.eric-nagel.de\/index.php\/wp-json\/wp\/v2\/pages\/210","targetHints":{"allow":["GET"]}}],"collection":[{"href":"https:\/\/www.eric-nagel.de\/index.php\/wp-json\/wp\/v2\/pages"}],"about":[{"href":"https:\/\/www.eric-nagel.de\/index.php\/wp-json\/wp\/v2\/types\/page"}],"author":[{"embeddable":true,"href":"https:\/\/www.eric-nagel.de\/index.php\/wp-json\/wp\/v2\/users\/1"}],"replies":[{"embeddable":true,"href":"https:\/\/www.eric-nagel.de\/index.php\/wp-json\/wp\/v2\/comments?post=210"}],"version-history":[{"count":0,"href":"https:\/\/www.eric-nagel.de\/index.php\/wp-json\/wp\/v2\/pages\/210\/revisions"}],"wp:attachment":[{"href":"https:\/\/www.eric-nagel.de\/index.php\/wp-json\/wp\/v2\/media?parent=210"}],"wp:term":[{"taxonomy":"post_tag","embeddable":true,"href":"https:\/\/www.eric-nagel.de\/index.php\/wp-json\/wp\/v2\/tags?post=210"}],"curies":[{"name":"wp","href":"https:\/\/api.w.org\/{rel}","templated":true}]}}